{"id":539,"date":"2025-08-12T11:05:49","date_gmt":"2025-08-12T08:05:49","guid":{"rendered":"https:\/\/defolu.net\/ikinciel\/?post_type=product&#038;p=539"},"modified":"2025-08-12T11:05:49","modified_gmt":"2025-08-12T08:05:49","slug":"defolu-baymak-klima-tasima-esnasinda-hafif-kusur-olusmustur","status":"publish","type":"product","link":"https:\/\/defolu.net\/ikinciel\/urun\/defolu-baymak-klima-tasima-esnasinda-hafif-kusur-olusmustur\/","title":{"rendered":"Defolu baymak klima (ta\u015f\u0131ma esnas\u0131nda hafif kusur olu\u015fmu\u015ftur)"},"content":{"rendered":"<p>En az yakan klima hangisi?<br \/>\nEn Az Elektrik T\u00fcketen 10 Klima Modeli \u2013 Tasarruflu Klimalar<br \/>\nEn az elektrik harcayan klimalar A, A+, A++ ve A+++ gibi s\u0131n\u0131flara ayr\u0131lan klimalard\u0131r. R410A gaz ile \u00e7al\u0131\u015farak \u00e7evreye daha az zarar vermektedirler. 1 birim harcayarak 3 birimlik enerji veren A s\u0131n\u0131f\u0131 klimalar, elektrik sarfiyat\u0131n\u0131 minimuma indirirler.<\/p>\n","protected":false},"excerpt":{"rendered":"<p>defolu baymak klima Kurumsal Hizmet Baymak Klimalarla Ekonomik Serinlik! B\u00fct\u00e7enize Uygun Klima Modelleri 12.000&#8217;lik Baymak klima ka\u00e7 para?<br \/>\nBaymak klima nerenin mal\u0131?<br \/>\n24 binlik Baymak klima fiyatlar\u0131?<br \/>\nBaymak 12000 BTU klima ka\u00e7 metrekare so\u011futur?<br \/>\n Arad\u0131\u011f\u0131n Fatural\u0131 belgeli resmi servis Baymak Elegant Prime 12000 BTU A++ inverter klima ile konforlu ve verimli iklimlendirme. Geli\u015fmi\u015f hizmeti al\u0131n. Baymak A+++ klima, olduk\u00e7a dayan\u0131kl\u0131d\u0131r ve kaliteli malzemeler i\u00e7erir. Dolay\u0131s\u0131yla m\u00fc\u015fterilerin uzun Ayn\u0131 g\u00fcn yerinde bak\u0131m ve onar\u0131m hizmeti. T\u00fcrkiye geneli 7\/24 servis kay\u0131t \u00e7a\u011fr\u0131 merkezi. Kurumsal m\u00fc\u015fteri hizmetleri.<\/p>\n","protected":false},"featured_media":540,"template":"","meta":[],"product_brand":[],"product_cat":[30],"product_tag":[],"class_list":{"0":"post-539","1":"product","2":"type-product","3":"status-publish","4":"has-post-thumbnail","6":"product_cat-defolu-beyaz-esya","8":"first","9":"instock","10":"sale","11":"shipping-taxable","12":"purchasable","13":"product-type-simple"},"_links":{"self":[{"href":"https:\/\/defolu.net\/ikinciel\/wp-json\/wp\/v2\/product\/539","targetHints":{"allow":["GET"]}}],"collection":[{"href":"https:\/\/defolu.net\/ikinciel\/wp-json\/wp\/v2\/product"}],"about":[{"href":"https:\/\/defolu.net\/ikinciel\/wp-json\/wp\/v2\/types\/product"}],"wp:featuredmedia":[{"embeddable":true,"href":"https:\/\/defolu.net\/ikinciel\/wp-json\/wp\/v2\/media\/540"}],"wp:attachment":[{"href":"https:\/\/defolu.net\/ikinciel\/wp-json\/wp\/v2\/media?parent=539"}],"wp:term":[{"taxonomy":"product_brand","embeddable":true,"href":"https:\/\/defolu.net\/ikinciel\/wp-json\/wp\/v2\/product_brand?post=539"},{"taxonomy":"product_cat","embeddable":true,"href":"https:\/\/defolu.net\/ikinciel\/wp-json\/wp\/v2\/product_cat?post=539"},{"taxonomy":"product_tag","embeddable":true,"href":"https:\/\/defolu.net\/ikinciel\/wp-json\/wp\/v2\/product_tag?post=539"}],"curies":[{"name":"wp","href":"https:\/\/api.w.org\/{rel}","templated":true}]}}