{"id":498,"date":"2024-09-29T16:35:41","date_gmt":"2024-09-29T13:35:41","guid":{"rendered":"https:\/\/defolu.net\/ikinciel\/?post_type=product&#038;p=498"},"modified":"2024-09-29T16:35:41","modified_gmt":"2024-09-29T13:35:41","slug":"defolu-koltuk-takimi-ucuz-ve-kaliteli-koltuk-ariyorum","status":"publish","type":"product","link":"https:\/\/defolu.net\/ikinciel\/urun\/defolu-koltuk-takimi-ucuz-ve-kaliteli-koltuk-ariyorum\/","title":{"rendered":"Defolu koltuk tak\u0131m\u0131 ucuz ve kaliteli koltuk ar\u0131yorum"},"content":{"rendered":"","protected":false},"excerpt":{"rendered":"<p>T\u00fcm T\u00fcrkiye&#8217;ye Teslimat. Tarz\u0131n\u0131za \u00d6zel Kuma\u015f Se\u00e7enekleri. En ucuz k\u00f6\u015fe koltuk tak\u0131mlar\u0131 Aray\u0131n. \u0130lgi \u00c7ekici Sonu\u00e7lar. Daha Fazla.. Fabrikadan Arac\u0131s\u0131z Sat\u0131\u015f. Sand\u0131kl\u0131 Koltuk Tak\u0131mlar\u0131. T\u00fcrler: Modern Koltuk Tak\u0131mlar\u0131, Chester Koltuk Tak\u0131mlar\u0131, Sand\u0131kl\u0131 Koltuk Tak\u0131mlar\u0131.  Koltuk Tak\u0131mlar\u0131 ve Oturma Gruplar\u0131 ; Koltuk Tak\u0131mlar\u0131 3+3+1+1 \u0130malattan. 27.500 TL. Bursa, Y\u0131ld\u0131r\u0131m ; LORRY ANTRAS\u0130T KOLTUK TAKIMI<\/p>\n","protected":false},"featured_media":500,"template":"","meta":[],"product_brand":[],"product_cat":[31],"product_tag":[37],"class_list":{"0":"post-498","1":"product","2":"type-product","3":"status-publish","4":"has-post-thumbnail","6":"product_cat-defolu-esya","7":"product_tag-defolu-koltuk-takimi","9":"first","10":"instock","11":"sale","12":"shipping-taxable","13":"purchasable","14":"product-type-simple"},"_links":{"self":[{"href":"https:\/\/defolu.net\/ikinciel\/wp-json\/wp\/v2\/product\/498","targetHints":{"allow":["GET"]}}],"collection":[{"href":"https:\/\/defolu.net\/ikinciel\/wp-json\/wp\/v2\/product"}],"about":[{"href":"https:\/\/defolu.net\/ikinciel\/wp-json\/wp\/v2\/types\/product"}],"wp:featuredmedia":[{"embeddable":true,"href":"https:\/\/defolu.net\/ikinciel\/wp-json\/wp\/v2\/media\/500"}],"wp:attachment":[{"href":"https:\/\/defolu.net\/ikinciel\/wp-json\/wp\/v2\/media?parent=498"}],"wp:term":[{"taxonomy":"product_brand","embeddable":true,"href":"https:\/\/defolu.net\/ikinciel\/wp-json\/wp\/v2\/product_brand?post=498"},{"taxonomy":"product_cat","embeddable":true,"href":"https:\/\/defolu.net\/ikinciel\/wp-json\/wp\/v2\/product_cat?post=498"},{"taxonomy":"product_tag","embeddable":true,"href":"https:\/\/defolu.net\/ikinciel\/wp-json\/wp\/v2\/product_tag?post=498"}],"curies":[{"name":"wp","href":"https:\/\/api.w.org\/{rel}","templated":true}]}}