{"id":486,"date":"2024-08-23T09:23:12","date_gmt":"2024-08-23T06:23:12","guid":{"rendered":"https:\/\/defolu.net\/ikinciel\/?post_type=product&#038;p=486"},"modified":"2024-08-23T09:23:12","modified_gmt":"2024-08-23T06:23:12","slug":"ikinci-el-sifir-gibi-tornali-firinlanmis-emprenyeli-bag-direkler","status":"publish","type":"product","link":"https:\/\/defolu.net\/ikinciel\/urun\/ikinci-el-sifir-gibi-tornali-firinlanmis-emprenyeli-bag-direkler\/","title":{"rendered":"\u0130K\u0130NC\u0130 EL SIFIR G\u0130B\u0130 TORNALI FIRINLANMI\u015e EMPRENYEL\u0130 BA\u011e D\u0130REKLER"},"content":{"rendered":"<p>Emprenyeli ba\u011f direklerinin en \u00e7ok kullan\u0131ld\u0131\u011f\u0131 yerler Emprenyeli Q8 x 200 CM ah\u015fap direk.Malzemenin kal\u0131nl\u0131\u011f\u0131 8 cm,uzunlu\u011fu 2 metredir.Malzeme \u00fcz\u00fcm ve elma bah\u00e7eleridir. Ba\u011f dire\u011fi, Elma ba\u011f\u0131 ve \u00fcz\u00fcm ba\u011f\u0131nda en \u00f6nemli \u00fcr\u00fcnd\u00fcr. Ayr\u0131ca bu emprenyeli<\/p>\n","protected":false},"excerpt":{"rendered":"<p>EMPRENYEL\u0130 BA\u011e D\u0130REKLER Emprenyeli ah\u015fap ba\u011f dire\u011fi, \u0130K\u0130NC\u0130 EL Emprenyeli \u00e7am ah\u015fap direk telli terbiye file sistem direkleri  \u00fcz\u00fcm ve elma bah\u00e7elerinde meyve a\u011fa\u00e7lar\u0131na destek olarak toprakla temas etmesini \u00f6nler. Yo\u011fun k\u0131\u015f \u015fartlar\u0131nda ba\u011f direkleri <\/p>\n","protected":false},"featured_media":490,"template":"","meta":[],"product_brand":[],"product_cat":[15],"product_tag":[],"class_list":{"0":"post-486","1":"product","2":"type-product","3":"status-publish","4":"has-post-thumbnail","6":"product_cat-ikinci-el-esya","8":"first","9":"instock","10":"sale","11":"shipping-taxable","12":"purchasable","13":"product-type-simple"},"_links":{"self":[{"href":"https:\/\/defolu.net\/ikinciel\/wp-json\/wp\/v2\/product\/486","targetHints":{"allow":["GET"]}}],"collection":[{"href":"https:\/\/defolu.net\/ikinciel\/wp-json\/wp\/v2\/product"}],"about":[{"href":"https:\/\/defolu.net\/ikinciel\/wp-json\/wp\/v2\/types\/product"}],"wp:featuredmedia":[{"embeddable":true,"href":"https:\/\/defolu.net\/ikinciel\/wp-json\/wp\/v2\/media\/490"}],"wp:attachment":[{"href":"https:\/\/defolu.net\/ikinciel\/wp-json\/wp\/v2\/media?parent=486"}],"wp:term":[{"taxonomy":"product_brand","embeddable":true,"href":"https:\/\/defolu.net\/ikinciel\/wp-json\/wp\/v2\/product_brand?post=486"},{"taxonomy":"product_cat","embeddable":true,"href":"https:\/\/defolu.net\/ikinciel\/wp-json\/wp\/v2\/product_cat?post=486"},{"taxonomy":"product_tag","embeddable":true,"href":"https:\/\/defolu.net\/ikinciel\/wp-json\/wp\/v2\/product_tag?post=486"}],"curies":[{"name":"wp","href":"https:\/\/api.w.org\/{rel}","templated":true}]}}