{"id":473,"date":"2024-08-06T09:21:08","date_gmt":"2024-08-06T06:21:08","guid":{"rendered":"https:\/\/defolu.net\/ikinciel\/?post_type=product&#038;p=473"},"modified":"2024-08-06T09:21:08","modified_gmt":"2024-08-06T06:21:08","slug":"bulasik-makinesi-defolu-5-program-nakliye-montaj-ucretsiz-saglam-sorunsuz","status":"publish","type":"product","link":"https:\/\/defolu.net\/ikinciel\/urun\/bulasik-makinesi-defolu-5-program-nakliye-montaj-ucretsiz-saglam-sorunsuz\/","title":{"rendered":"Bula\u015f\u0131k makinesi defolu 5 program nakliye montaj \u00fccretsiz sa\u011flam sorunsuz"},"content":{"rendered":"<p><img loading=\"lazy\" decoding=\"async\" src=\"https:\/\/defolu.net\/ikinciel\/wp-content\/uploads\/2024\/08\/Bulasik-makinesi-defolu-5-program-1.png\" alt=\"\" width=\"968\" height=\"628\" class=\"aligncenter size-full wp-image-474\" title=\"\" srcset=\"https:\/\/defolu.net\/ikinciel\/wp-content\/uploads\/2024\/08\/Bulasik-makinesi-defolu-5-program-1.png 968w, https:\/\/defolu.net\/ikinciel\/wp-content\/uploads\/2024\/08\/Bulasik-makinesi-defolu-5-program-1-300x195.png 300w, https:\/\/defolu.net\/ikinciel\/wp-content\/uploads\/2024\/08\/Bulasik-makinesi-defolu-5-program-1-768x498.png 768w, https:\/\/defolu.net\/ikinciel\/wp-content\/uploads\/2024\/08\/Bulasik-makinesi-defolu-5-program-1-600x389.png 600w\" sizes=\"auto, (max-width: 968px) 100vw, 968px\" \/><\/p>\n<p><img loading=\"lazy\" decoding=\"async\" src=\"https:\/\/defolu.net\/ikinciel\/wp-content\/uploads\/2024\/08\/Bulasik-makinesi-defolu-5-program-2.png\" alt=\"\" width=\"960\" height=\"628\" class=\"aligncenter size-full wp-image-475\" title=\"\" srcset=\"https:\/\/defolu.net\/ikinciel\/wp-content\/uploads\/2024\/08\/Bulasik-makinesi-defolu-5-program-2.png 960w, https:\/\/defolu.net\/ikinciel\/wp-content\/uploads\/2024\/08\/Bulasik-makinesi-defolu-5-program-2-300x196.png 300w, https:\/\/defolu.net\/ikinciel\/wp-content\/uploads\/2024\/08\/Bulasik-makinesi-defolu-5-program-2-768x502.png 768w, https:\/\/defolu.net\/ikinciel\/wp-content\/uploads\/2024\/08\/Bulasik-makinesi-defolu-5-program-2-600x393.png 600w\" sizes=\"auto, (max-width: 960px) 100vw, 960px\" \/><\/p>\n","protected":false},"excerpt":{"rendered":"<p>Bula\u015f\u0131k makinesi defolu 5 program nakliye montaj \u00fccretsiz sa\u011flam sorunsuz \u00dccretsiz Garanti S\u00fcresi 3 Y\u0131l Garanti; \u00dccretsiz Nakliye Var; \u00dccretsiz Montaj Var. MA\u011eAZADAK\u0130 STOK DURUMU. Teklif ver. Bula\u015f\u0131k makinesi. Temiz sorunsuz 5 programl\u0131 bula\u015f\u0131k makinesi Bafra ve yak\u0131n k\u00f6yler \u00fccretsiz nakliye montaj Vestel BM 5312 WIFI Bula\u015f\u0131k Makinesi. veya<\/p>\n","protected":false},"featured_media":474,"template":"","meta":[],"product_brand":[],"product_cat":[30,31],"product_tag":[36],"class_list":{"0":"post-473","1":"product","2":"type-product","3":"status-publish","4":"has-post-thumbnail","6":"product_cat-defolu-beyaz-esya","7":"product_cat-defolu-esya","8":"product_tag-defolu-bulasik-makinesi","10":"first","11":"instock","12":"sale","13":"shipping-taxable","14":"purchasable","15":"product-type-simple"},"_links":{"self":[{"href":"https:\/\/defolu.net\/ikinciel\/wp-json\/wp\/v2\/product\/473","targetHints":{"allow":["GET"]}}],"collection":[{"href":"https:\/\/defolu.net\/ikinciel\/wp-json\/wp\/v2\/product"}],"about":[{"href":"https:\/\/defolu.net\/ikinciel\/wp-json\/wp\/v2\/types\/product"}],"wp:featuredmedia":[{"embeddable":true,"href":"https:\/\/defolu.net\/ikinciel\/wp-json\/wp\/v2\/media\/474"}],"wp:attachment":[{"href":"https:\/\/defolu.net\/ikinciel\/wp-json\/wp\/v2\/media?parent=473"}],"wp:term":[{"taxonomy":"product_brand","embeddable":true,"href":"https:\/\/defolu.net\/ikinciel\/wp-json\/wp\/v2\/product_brand?post=473"},{"taxonomy":"product_cat","embeddable":true,"href":"https:\/\/defolu.net\/ikinciel\/wp-json\/wp\/v2\/product_cat?post=473"},{"taxonomy":"product_tag","embeddable":true,"href":"https:\/\/defolu.net\/ikinciel\/wp-json\/wp\/v2\/product_tag?post=473"}],"curies":[{"name":"wp","href":"https:\/\/api.w.org\/{rel}","templated":true}]}}